{"id":1528,"date":"2022-05-17T09:00:14","date_gmt":"2022-05-17T12:00:14","guid":{"rendered":"http:\/\/rvambiental.eco.br\/web\/?page_id=1528"},"modified":"2022-05-19T18:26:29","modified_gmt":"2022-05-19T21:26:29","slug":"atividades","status":"publish","type":"page","link":"https:\/\/rvambiental.eco.br\/web\/atividades\/","title":{"rendered":"Atividades"},"content":{"rendered":"<p>[vc_row][vc_column width=&#8221;1\/3&#8243;][vc_hoverbox image=&#8221;1536&#8243; primary_title=&#8221;&#8221; hover_title=&#8221;Visita t\u00e9cnica ambiental&#8221;][\/vc_hoverbox][\/vc_column][vc_column width=&#8221;1\/3&#8243;][vc_hoverbox image=&#8221;1535&#8243; primary_title=&#8221;&#8221; hover_title=&#8221;Laudo de vegeta\u00e7\u00e3o&#8221;][\/vc_hoverbox][\/vc_column][vc_column width=&#8221;1\/3&#8243;][vc_hoverbox image=&#8221;1534&#8243; primary_title=&#8221;&#8221; hover_title=&#8221;Reuni\u00e3o sobre projetos ambientais&#8221;][\/vc_hoverbox][\/vc_column][\/vc_row][vc_row][vc_column width=&#8221;1\/3&#8243;][vc_hoverbox image=&#8221;1533&#8243; primary_title=&#8221;&#8221; hover_title=&#8221;Caracteriza\u00e7\u00e3o de vegeta\u00e7\u00e3o&#8221;][\/vc_hoverbox][\/vc_column][vc_column width=&#8221;1\/3&#8243;][vc_hoverbox image=&#8221;1532&#8243; primary_title=&#8221;&#8221; hover_title=&#8221;Trabalho de campo&#8221;][\/vc_hoverbox][\/vc_column][vc_column width=&#8221;1\/3&#8243;][vc_hoverbox image=&#8221;1531&#8243; primary_title=&#8221;&#8221; hover_title=&#8221;Levantamento de vegeta\u00e7\u00e3o&#8221;][\/vc_hoverbox][\/vc_column][\/vc_row][vc_row parallax=&#8221;content-moving&#8221; parallax_speed_bg=&#8221;2.0&#8243; center_row=&#8221;yes&#8221; bg_overlay=&#8221;yes&#8221; bg_overlay_style=&#8221;overlay-primary&#8221; typo_style=&#8221;light&#8221; css=&#8221;.vc_custom_1651591558494{background-image: url(http:\/\/rvambiental.eco.br\/web\/wp-content\/uploads\/2017\/07\/slide-9-1.jpg?id=1060) !important;background-position: center;background-repeat: no-repeat;background-size: cover !important;}&#8221;][vc_column]<div class=\"zozo-feature-box feature-box-style style-default-box style-sep-yes  clearfix\" id=\"feature-box-1\"><div class=\"grid-item\"><div class=\"grid-box-inner grid-text-center grid-box-image grid-shape-none\"><h2 class=\"grid-title-below grid-title \" >O que a sua empresa precisa hoje?<\/h2><div class=\"grid-desc\" ><p>Entre em contato e vamos conversar.<\/p>\n<\/div><\/div><\/div><\/div>[vc_btn title=&#8221;Contato&#8221; color=&#8221;white&#8221; align=&#8221;center&#8221; link=&#8221;url:http%3A%2F%2Frvambiental.eco.br%2Fweb%2Fcontato-e-orcamento%2F|title:Contato%20e%20Or%C3%A7amento&#8221;][\/vc_column][\/vc_row]<\/p>\n","protected":false},"excerpt":{"rendered":"<p>[vc_row][vc_column width=&#8221;1\/3&#8243;][vc_hoverbox image=&#8221;1536&#8243; primary_title=&#8221;&#8221; hover_title=&#8221;Visita t\u00e9cnica ambiental&#8221;][\/vc_hoverbox][\/vc_column][vc_column width=&#8221;1\/3&#8243;][vc_hoverbox image=&#8221;1535&#8243; primary_title=&#8221;&#8221; hover_title=&#8221;Laudo de vegeta\u00e7\u00e3o&#8221;][\/vc_hoverbox][\/vc_column][vc_column width=&#8221;1\/3&#8243;][vc_hoverbox image=&#8221;1534&#8243; primary_title=&#8221;&#8221; hover_title=&#8221;Reuni\u00e3o sobre projetos ambientais&#8221;][\/vc_hoverbox][\/vc_column][\/vc_row][vc_row][vc_column width=&#8221;1\/3&#8243;][vc_hoverbox image=&#8221;1533&#8243; primary_title=&#8221;&#8221; hover_title=&#8221;Caracteriza\u00e7\u00e3o de vegeta\u00e7\u00e3o&#8221;][\/vc_hoverbox][\/vc_column][vc_column width=&#8221;1\/3&#8243;][vc_hoverbox image=&#8221;1532&#8243; primary_title=&#8221;&#8221; hover_title=&#8221;Trabalho de campo&#8221;][\/vc_hoverbox][\/vc_column][vc_column width=&#8221;1\/3&#8243;][vc_hoverbox image=&#8221;1531&#8243; primary_title=&#8221;&#8221; hover_title=&#8221;Levantamento de vegeta\u00e7\u00e3o&#8221;][\/vc_hoverbox][\/vc_column][\/vc_row][vc_row parallax=&#8221;content-moving&#8221; parallax_speed_bg=&#8221;2.0&#8243; center_row=&#8221;yes&#8221; bg_overlay=&#8221;yes&#8221; bg_overlay_style=&#8221;overlay-primary&#8221; typo_style=&#8221;light&#8221; css=&#8221;.vc_custom_1651591558494{background-image: url(http:\/\/rvambiental.eco.br\/web\/wp-content\/uploads\/2017\/07\/slide-9-1.jpg?id=1060) !important;background-position: center;background-repeat: no-repeat;background-size: cover !important;}&#8221;][vc_column][vc_btn title=&#8221;Contato&#8221; color=&#8221;white&#8221; align=&#8221;center&#8221; link=&#8221;url:http%3A%2F%2Frvambiental.eco.br%2Fweb%2Fcontato-e-orcamento%2F|title:Contato%20e%20Or%C3%A7amento&#8221;][\/vc_column][\/vc_row]<\/p>\n","protected":false},"author":1,"featured_media":0,"parent":0,"menu_order":0,"comment_status":"closed","ping_status":"closed","template":"template-fullwidth.php","meta":[],"_links":{"self":[{"href":"https:\/\/rvambiental.eco.br\/web\/wp-json\/wp\/v2\/pages\/1528"}],"collection":[{"href":"https:\/\/rvambiental.eco.br\/web\/wp-json\/wp\/v2\/pages"}],"about":[{"href":"https:\/\/rvambiental.eco.br\/web\/wp-json\/wp\/v2\/types\/page"}],"author":[{"embeddable":true,"href":"https:\/\/rvambiental.eco.br\/web\/wp-json\/wp\/v2\/users\/1"}],"replies":[{"embeddable":true,"href":"https:\/\/rvambiental.eco.br\/web\/wp-json\/wp\/v2\/comments?post=1528"}],"version-history":[{"count":6,"href":"https:\/\/rvambiental.eco.br\/web\/wp-json\/wp\/v2\/pages\/1528\/revisions"}],"predecessor-version":[{"id":1541,"href":"https:\/\/rvambiental.eco.br\/web\/wp-json\/wp\/v2\/pages\/1528\/revisions\/1541"}],"wp:attachment":[{"href":"https:\/\/rvambiental.eco.br\/web\/wp-json\/wp\/v2\/media?parent=1528"}],"curies":[{"name":"wp","href":"https:\/\/api.w.org\/{rel}","templated":true}]}}

<p>[vc_row][vc_column width=&#8221;1/3&#8243;][vc_hoverbox image=&#8221;1536&#8243; primary_title=&#8221;&#8221; hover_title=&#8221;Visita técnica ambiental&#8221;][/vc_hoverbox][/vc_column][vc_column width=&#8221;1/3&#8243;][vc_hoverbox image=&#8221;1535&#8243; primary_title=&#8221;&#8221; hover_title=&#8221;Laudo de vegetação&#8221;][/vc_hoverbox][/vc_column][vc_column width=&#8221;1/3&#8243;][vc_hoverbox image=&#8221;1534&#8243; primary_title=&#8221;&#8221; hover_title=&#8221;Reunião sobre projetos ambientais&#8221;][/vc_hoverbox][/vc_column][/vc_row][vc_row][vc_column width=&#8221;1/3&#8243;][vc_hoverbox image=&#8221;1533&#8243; primary_title=&#8221;&#8221; hover_title=&#8221;Caracterização de vegetação&#8221;][/vc_hoverbox][/vc_column][vc_column width=&#8221;1/3&#8243;][vc_hoverbox image=&#8221;1532&#8243; primary_title=&#8221;&#8221; hover_title=&#8221;Trabalho de campo&#8221;][/vc_hoverbox][/vc_column][vc_column width=&#8221;1/3&#8243;][vc_hoverbox image=&#8221;1531&#8243; primary_title=&#8221;&#8221; hover_title=&#8221;Levantamento de vegetação&#8221;][/vc_hoverbox][/vc_column][/vc_row][vc_row parallax=&#8221;content-moving&#8221; parallax_speed_bg=&#8221;2.0&#8243; center_row=&#8221;yes&#8221; bg_overlay=&#8221;yes&#8221; bg_overlay_style=&#8221;overlay-primary&#8221; typo_style=&#8221;light&#8221; css=&#8221;.vc_custom_1651591558494{background-image: url(http://rvambiental.eco.br/web/wp-content/uploads/2017/07/slide-9-1.jpg?id=1060) !important;background-position: center;background-repeat: no-repeat;background-size: cover !important;}&#8221;][vc_column]<div class="zozo-feature-box feature-box-style style-default-box style-sep-yes  clearfix" id="feature-box-1"><div class="grid-item"><div class="grid-box-inner grid-text-center grid-box-image grid-shape-none"><h2 class="grid-title-below grid-title " >O que a sua empresa precisa hoje?</h2><div class="grid-desc" ><p>Entre em contato e vamos conversar.</p>
</div></div></div></div>[vc_btn title=&#8221;Contato&#8221; color=&#8221;white&#8221; align=&#8221;center&#8221; link=&#8221;url:http%3A%2F%2Frvambiental.eco.br%2Fweb%2Fcontato-e-orcamento%2F|title:Contato%20e%20Or%C3%A7amento&#8221;][/vc_column][/vc_row]</p>

<p>[vc_row][vc_column width=&#8221;1/3&#8243;][vc_hoverbox image=&#8221;1536&#8243; primary_title=&#8221;&#8221; hover_title=&#8221;Visita técnica ambiental&#8221;][/vc_hoverbox][/vc_column][vc_column width=&#8221;1/3&#8243;][vc_hoverbox image=&#8221;1535&#8243; primary_title=&#8221;&#8221; hover_title=&#8221;Laudo de vegetação&#8221;][/vc_hoverbox][/vc_column][vc_column width=&#8221;1/3&#8243;][vc_hoverbox image=&#8221;1534&#8243; primary_title=&#8221;&#8221; hover_title=&#8221;Reunião sobre projetos ambientais&#8221;][/vc_hoverbox][/vc_column][/vc_row][vc_row][vc_column width=&#8221;1/3&#8243;][vc_hoverbox image=&#8221;1533&#8243; primary_title=&#8221;&#8221; hover_title=&#8221;Caracterização de vegetação&#8221;][/vc_hoverbox][/vc_column][vc_column width=&#8221;1/3&#8243;][vc_hoverbox image=&#8221;1532&#8243; primary_title=&#8221;&#8221; hover_title=&#8221;Trabalho de campo&#8221;][/vc_hoverbox][/vc_column][vc_column width=&#8221;1/3&#8243;][vc_hoverbox image=&#8221;1531&#8243; primary_title=&#8221;&#8221; hover_title=&#8221;Levantamento de vegetação&#8221;][/vc_hoverbox][/vc_column][/vc_row][vc_row parallax=&#8221;content-moving&#8221; parallax_speed_bg=&#8221;2.0&#8243; center_row=&#8221;yes&#8221; bg_overlay=&#8221;yes&#8221; bg_overlay_style=&#8221;overlay-primary&#8221; typo_style=&#8221;light&#8221; css=&#8221;.vc_custom_1651591558494{background-image: url(http://rvambiental.eco.br/web/wp-content/uploads/2017/07/slide-9-1.jpg?id=1060) !important;background-position: center;background-repeat: no-repeat;background-size: cover !important;}&#8221;][vc_column][vc_btn title=&#8221;Contato&#8221; color=&#8221;white&#8221; align=&#8221;center&#8221; link=&#8221;url:http%3A%2F%2Frvambiental.eco.br%2Fweb%2Fcontato-e-orcamento%2F|title:Contato%20e%20Or%C3%A7amento&#8221;][/vc_column][/vc_row]</p>
