{"id":287,"date":"2017-07-10T11:44:23","date_gmt":"2017-07-10T11:44:23","guid":{"rendered":"http:\/\/demo.zozothemes.com\/gosolar\/?page_id=287"},"modified":"2022-06-02T09:08:40","modified_gmt":"2022-06-02T12:08:40","slug":"sobre-a-rv","status":"publish","type":"page","link":"https:\/\/rvambiental.eco.br\/web\/sobre-a-rv\/","title":{"rendered":"Sobre a RV"},"content":{"rendered":"<p>[vc_row center_row=&#8221;yes&#8221; css=&#8221;.vc_custom_1500533072824{padding-bottom: 0px !important;}&#8221;][vc_column offset=&#8221;vc_col-lg-6 vc_col-md-12&#8243;][vc_single_image image=&#8221;852&#8243; img_size=&#8221;full&#8221; alignment=&#8221;center&#8221; el_class=&#8221;device-full-left&#8221;][\/vc_column][vc_column el_class=&#8221;section-spacing-1024&#8243; offset=&#8221;vc_col-lg-6 vc_col-md-12&#8243; css=&#8221;.vc_custom_1500533060961{padding-bottom: 75px !important;}&#8221;]<div class=\"zozo-parallax-header\"><div class=\"parallax-header content-style-default\"><h2 class=\"parallax-title text-left\">Sobre a RV Ambiental<\/h2><div class=\"parallax-desc default-style text-left\"><p>Fundada pelo engenheiro Rodrigo Valdanha, a <strong>RV Ambiental<\/strong> nasceu com a miss\u00e3o de oferecer com excel\u00eancia para seus clientes solu\u00e7\u00f5es na \u00e1rea de engenharia ambiental, desde documenta\u00e7\u00e3o at\u00e9 projetos de grande percurso.<\/p>\n<\/div><\/div><\/div><div class=\"zozo-feature-box feature-box-style style-default-box style-sep-yes  clearfix\" id=\"feature-box-1\"><div class=\"grid-item\"><div class=\"grid-box-inner grid-text-left grid-box-normal grid-box-icon-circle grid-icon-shape grid-shape-none\"><div class=\"grid-icon-wrapper no-hover shape-icon-circle\"><i class=\"simple-icon icon-globe grid-icon zozo-icon icon-shape icon-circle icon-skin-default icon-bg pattern-1 icon-normal\"><\/i><\/div><div class=\"grid-content-wrapper\"><h4 class=\"grid-title \" >Legisla\u00e7\u00e3o Ambiental - Federal, Estadual e Municipal<\/h4><\/div><\/div><\/div><\/div><div class=\"zozo-feature-box feature-box-style style-default-box style-sep-yes  clearfix\" id=\"feature-box-2\"><div class=\"grid-item\"><div class=\"grid-box-inner grid-text-left grid-box-normal grid-box-icon-circle grid-icon-shape grid-shape-none\"><div class=\"grid-icon-wrapper no-hover shape-icon-circle\"><i class=\"simple-icon icon-home grid-icon zozo-icon icon-shape icon-circle icon-skin-default icon-bg pattern-1 icon-normal\"><\/i><\/div><div class=\"grid-content-wrapper\"><h4 class=\"grid-title \" >Cursos e Treinamentos - Ambientais e Seguran\u00e7a<\/h4><div class=\"grid-desc\" ><p>&nbsp;<\/p>\n<\/div><\/div><\/div><\/div><\/div><div class=\"zozo-feature-box feature-box-style style-default-box style-sep-yes  clearfix\" id=\"feature-box-3\"><div class=\"grid-item\"><div class=\"grid-box-inner grid-text-left grid-box-normal grid-box-icon-circle grid-icon-shape grid-shape-none\"><div class=\"grid-icon-wrapper no-hover shape-icon-circle\"><i class=\"simple-icon icon-support grid-icon zozo-icon icon-shape icon-circle icon-skin-default icon-bg pattern-1 icon-normal\"><\/i><\/div><div class=\"grid-content-wrapper\"><h4 class=\"grid-title \" >Plano de Recupera\u00e7\u00e3o - PRAD<\/h4><\/div><\/div><\/div><\/div>[\/vc_column][\/vc_row][vc_row center_row=&#8221;yes&#8221; bg_overlay=&#8221;yes&#8221; bg_overlay_style=&#8221;overlay-primary&#8221; typo_style=&#8221;light&#8221; bg_type=&#8221;image&#8221; parallax_style=&#8221;vcpb-vz-jquery&#8221; bg_image_new=&#8221;9337|http:\/\/zozothemes.com\/wp\/mist\/wp-content\/uploads\/2015\/08\/travel-bg1.jpg&#8221; enable_overlay=&#8221;enable_overlay_value&#8221; overlay_color=&#8221;rgba(0,0,0,0.5)&#8221; overlay_pattern=&#8221;transperant&#8221; seperator_enable=&#8221;seperator_enable_value&#8221; seperator_type=&#8221;xlarge_triangle_right_seperator&#8221; seperator_position=&#8221;bottom_seperator&#8221; seperator_svg_height=&#8221;65&#8243; css=&#8221;.vc_custom_1503911445634{background-image: url(http:\/\/rvambiental.eco.br\/web\/wp-content\/uploads\/2017\/07\/bg-1.jpg?id=141) !important;background-position: center !important;background-repeat: no-repeat !important;background-size: cover !important;}&#8221;][vc_column]<div class=\"zozo-parallax-header title-white-bottom\"><div class=\"parallax-header content-style-default\"><h2 class=\"parallax-title\">Nossos N\u00fameros<\/h2><\/div><\/div>[vc_row_inner][vc_column_inner width=&#8221;1\/3&#8243; offset=&#8221;vc_col-lg-3 vc_col-md-3&#8243;]<div id=\"zozo-counter-1\" class=\"zozo-counter-wrapper counter-default counter-icon-left\"><div class=\"counter-item zozo-counter\"><div class=\"counter-icon\"><i class=\"simple-icon icon-calendar\" style=\"color:#ffffff;\"><\/i><\/div><div class=\"counter-info\"><div class=\"zozo-count-number\" data-count=\"5\"><h3 class=\"counter zozo-counter-count\">0<\/h3><\/div><div class=\"counter-title\"><h3>Anos de experi\u00eancia<\/h3><\/div><\/div><\/div><\/div>[\/vc_column_inner][vc_column_inner width=&#8221;1\/3&#8243; offset=&#8221;vc_col-lg-3 vc_col-md-3&#8243;]<div id=\"zozo-counter-2\" class=\"zozo-counter-wrapper counter-default counter-icon-left\"><div class=\"counter-item zozo-counter\"><div class=\"counter-icon\"><i class=\"simple-icon icon-bubbles\" style=\"color:#ffffff;\"><\/i><\/div><div class=\"counter-info\"><div class=\"zozo-count-number\" data-count=\"120\"><h3 class=\"counter zozo-counter-count\">0<\/h3><\/div><div class=\"counter-title\"><h3>Empresas atendidas<\/h3><\/div><\/div><\/div><\/div>[\/vc_column_inner][vc_column_inner width=&#8221;1\/3&#8243;][vc_hoverbox image=&#8221;1535&#8243; primary_title=&#8221;&#8221; hover_title=&#8221;Nossas Atividades&#8221; hover_background_color=&#8221;turquoise&#8221; hover_btn_title=&#8221;Clique&#8221; hover_add_button=&#8221;true&#8221; hover_btn_link=&#8221;url:http%3A%2F%2Frvambiental.eco.br%2Fweb%2Fatividades%2F|title:Atividades&#8221;][\/vc_hoverbox][\/vc_column_inner][\/vc_row_inner][\/vc_column][\/vc_row][vc_row center_row=&#8221;yes&#8221;][vc_column width=&#8221;1\/2&#8243; offset=&#8221;vc_col-lg-3 vc_col-md-3&#8243;]<div class=\"zozo-feature-box feature-box-style style-info-box style-box-without-bg style-sep-no  clearfix\" id=\"feature-box-4\"><div class=\"grid-item\"><div class=\"grid-box-inner grid-text-center grid-box-image grid-shape-none\"><div class=\"grid-image-wrapper zozo-image-wrapper img-none img-size-small\"><img width=\"64\" height=\"64\" src=\"https:\/\/rvambiental.eco.br\/web\/wp-content\/uploads\/2017\/07\/ecology.png\" class=\"img-none attachment-gosolar-theme-mid\" alt=\"\" loading=\"lazy\" title=\"ecology\" \/><\/div><h3 class=\"grid-title-below grid-title text-center \" >Responsabilidade<\/h3><div class=\"grid-desc\" ><p><span class=\"ILfuVd\"><span class=\"hgKElc\">Atitudes que buscam o crescimento\u00a0 juntamente com a prote\u00e7\u00e3o do meio ambiente.<\/span><\/span><\/p>\n<\/div><\/div><\/div><\/div>[\/vc_column][vc_column width=&#8221;1\/2&#8243; offset=&#8221;vc_col-lg-3 vc_col-md-3&#8243;]<div class=\"zozo-feature-box feature-box-style style-info-box style-box-without-bg style-sep-no  clearfix\" id=\"feature-box-5\"><div class=\"grid-item\"><div class=\"grid-box-inner grid-text-center grid-box-image grid-shape-none\"><div class=\"grid-image-wrapper zozo-image-wrapper img-none img-size-small\"><img width=\"64\" height=\"64\" src=\"https:\/\/rvambiental.eco.br\/web\/wp-content\/uploads\/2017\/07\/recycling.png\" class=\"img-none attachment-gosolar-theme-mid\" alt=\"\" loading=\"lazy\" title=\"recycling\" \/><\/div><h3 class=\"grid-title-below grid-title text-center \" >\u00c9tica e Conduta<\/h3><div class=\"grid-desc\" ><p>Capacidade de orientar o comportamento da empresa diante de diversos cen\u00e1rios existentes.<\/p>\n<\/div><\/div><\/div><\/div>[\/vc_column][vc_column width=&#8221;1\/2&#8243; offset=&#8221;vc_col-lg-3 vc_col-md-3&#8243;]<div class=\"zozo-feature-box feature-box-style style-info-box style-box-without-bg style-sep-no  clearfix\" id=\"feature-box-6\"><div class=\"grid-item\"><div class=\"grid-box-inner grid-text-center grid-box-image grid-shape-none\"><div class=\"grid-image-wrapper zozo-image-wrapper img-none img-size-small\"><img width=\"64\" height=\"64\" src=\"https:\/\/rvambiental.eco.br\/web\/wp-content\/uploads\/2017\/07\/water.png\" class=\"img-none attachment-gosolar-theme-mid\" alt=\"\" loading=\"lazy\" title=\"water\" \/><\/div><h3 class=\"grid-title-below grid-title text-center \" >Energias Renov\u00e1veis<\/h3><div class=\"grid-desc\" ><p>O que esperar do futuro e como ajudar a pr\u00f3xima gera\u00e7\u00e3o? Sua empresa est\u00e1 preparada?<\/p>\n<\/div><\/div><\/div><\/div>[\/vc_column][vc_column width=&#8221;1\/2&#8243; offset=&#8221;vc_col-lg-3 vc_col-md-3&#8243;]<div class=\"zozo-feature-box feature-box-style style-info-box style-box-without-bg style-sep-no  clearfix\" id=\"feature-box-7\"><div class=\"grid-item\"><div class=\"grid-box-inner grid-text-center grid-box-image grid-shape-none\"><div class=\"grid-image-wrapper zozo-image-wrapper img-none img-size-small\"><img width=\"64\" height=\"64\" src=\"https:\/\/rvambiental.eco.br\/web\/wp-content\/uploads\/2017\/07\/secure.png\" class=\"img-none attachment-gosolar-theme-mid\" alt=\"\" loading=\"lazy\" title=\"secure\" \/><\/div><h3 class=\"grid-title-below grid-title text-center \" >Profissionais Capacitados<\/h3><div class=\"grid-desc\" ><p>Equipe multidisciplinar e especializada para atender todas suas necessidades. \u00c1gil e efetiva no atendimento ao cliente.<\/p>\n<\/div><\/div><\/div><\/div>[\/vc_column][\/vc_row][vc_row parallax=&#8221;content-moving&#8221; parallax_speed_bg=&#8221;2.0&#8243; center_row=&#8221;yes&#8221; bg_overlay=&#8221;yes&#8221; bg_overlay_style=&#8221;overlay-primary&#8221; typo_style=&#8221;light&#8221; css=&#8221;.vc_custom_1651591558494{background-image: url(http:\/\/rvambiental.eco.br\/web\/wp-content\/uploads\/2017\/07\/slide-9-1.jpg?id=1060) !important;background-position: center;background-repeat: no-repeat;background-size: cover !important;}&#8221;][vc_column]<div class=\"zozo-feature-box feature-box-style style-default-box style-sep-yes  clearfix\" id=\"feature-box-8\"><div class=\"grid-item\"><div class=\"grid-box-inner grid-text-center grid-box-image grid-shape-none\"><h2 class=\"grid-title-below grid-title \" >O que a sua empresa precisa hoje?<\/h2><div class=\"grid-desc\" ><p>Entre em contato e vamos conversar.<\/p>\n<\/div><\/div><\/div><\/div>[vc_btn title=&#8221;Contato&#8221; color=&#8221;white&#8221; align=&#8221;center&#8221; link=&#8221;url:http%3A%2F%2Frvambiental.eco.br%2Fweb%2Fcontato-e-orcamento%2F|title:Contato%20e%20Or%C3%A7amento&#8221;][\/vc_column][\/vc_row][vc_row center_row=&#8221;yes&#8221;][vc_column width=&#8221;1\/2&#8243; offset=&#8221;vc_col-lg-3 vc_col-md-3&#8243;]<div class=\"zozo-feature-box feature-box-style style-info-box style-box-without-bg style-sep-no  clearfix\" id=\"feature-box-9\"><div class=\"grid-item\"><div class=\"grid-box-inner grid-text-center grid-box-image grid-shape-none\"><div class=\"grid-image-wrapper zozo-image-wrapper img-none img-size-small\"><img width=\"64\" height=\"64\" src=\"https:\/\/rvambiental.eco.br\/web\/wp-content\/uploads\/2017\/07\/ecology.png\" class=\"img-none attachment-gosolar-theme-mid\" alt=\"\" loading=\"lazy\" title=\"ecology\" \/><\/div><h3 class=\"grid-title-below grid-title text-center \" >Responsabilidade<\/h3><div class=\"grid-desc\" ><p><span class=\"ILfuVd\"><span class=\"hgKElc\">Atitudes que buscam o crescimento\u00a0 juntamente com a prote\u00e7\u00e3o do meio ambiente.<\/span><\/span><\/p>\n<\/div><\/div><\/div><\/div>[\/vc_column][vc_column width=&#8221;1\/2&#8243; offset=&#8221;vc_col-lg-3 vc_col-md-3&#8243;]<div class=\"zozo-feature-box feature-box-style style-info-box style-box-without-bg style-sep-no  clearfix\" id=\"feature-box-10\"><div class=\"grid-item\"><div class=\"grid-box-inner grid-text-center grid-box-image grid-shape-none\"><div class=\"grid-image-wrapper zozo-image-wrapper img-none img-size-small\"><img width=\"64\" height=\"64\" src=\"https:\/\/rvambiental.eco.br\/web\/wp-content\/uploads\/2017\/07\/recycling.png\" class=\"img-none attachment-gosolar-theme-mid\" alt=\"\" loading=\"lazy\" title=\"recycling\" \/><\/div><h3 class=\"grid-title-below grid-title text-center \" >\u00c9tica e Conduta<\/h3><div class=\"grid-desc\" ><p>Capacidade de orientar o comportamento da empresa diante de diversos cen\u00e1rios existentes.<\/p>\n<\/div><\/div><\/div><\/div>[\/vc_column][vc_column width=&#8221;1\/2&#8243; offset=&#8221;vc_col-lg-3 vc_col-md-3&#8243;]<div class=\"zozo-feature-box feature-box-style style-info-box style-box-without-bg style-sep-no  clearfix\" id=\"feature-box-11\"><div class=\"grid-item\"><div class=\"grid-box-inner grid-text-center grid-box-image grid-shape-none\"><div class=\"grid-image-wrapper zozo-image-wrapper img-none img-size-small\"><img width=\"64\" height=\"64\" src=\"https:\/\/rvambiental.eco.br\/web\/wp-content\/uploads\/2017\/07\/water.png\" class=\"img-none attachment-gosolar-theme-mid\" alt=\"\" loading=\"lazy\" title=\"water\" \/><\/div><h3 class=\"grid-title-below grid-title text-center \" >Energias Renov\u00e1veis<\/h3><div class=\"grid-desc\" ><p>O que esperar do futuro e como ajudar a pr\u00f3xima gera\u00e7\u00e3o? Sua empresa est\u00e1 preparada?<\/p>\n<\/div><\/div><\/div><\/div>[\/vc_column][vc_column width=&#8221;1\/2&#8243; offset=&#8221;vc_col-lg-3 vc_col-md-3&#8243;]<div class=\"zozo-feature-box feature-box-style style-info-box style-box-without-bg style-sep-no  clearfix\" id=\"feature-box-12\"><div class=\"grid-item\"><div class=\"grid-box-inner grid-text-center grid-box-image grid-shape-none\"><div class=\"grid-image-wrapper zozo-image-wrapper img-none img-size-small\"><img width=\"64\" height=\"64\" src=\"https:\/\/rvambiental.eco.br\/web\/wp-content\/uploads\/2017\/07\/secure.png\" class=\"img-none attachment-gosolar-theme-mid\" alt=\"\" loading=\"lazy\" title=\"secure\" \/><\/div><h3 class=\"grid-title-below grid-title text-center \" >Profissionais Capacitados<\/h3><div class=\"grid-desc\" ><p>Equipe multidisciplinar e especializada para atender todas suas necessidades. \u00c1gil e efetiva no atendimento ao cliente.<\/p>\n<\/div><\/div><\/div><\/div>[\/vc_column][\/vc_row]<\/p>\n","protected":false},"excerpt":{"rendered":"<p>[vc_row center_row=&#8221;yes&#8221; css=&#8221;.vc_custom_1500533072824{padding-bottom: 0px !important;}&#8221;][vc_column offset=&#8221;vc_col-lg-6 vc_col-md-12&#8243;][vc_single_image image=&#8221;852&#8243; img_size=&#8221;full&#8221; alignment=&#8221;center&#8221; el_class=&#8221;device-full-left&#8221;][\/vc_column][vc_column el_class=&#8221;section-spacing-1024&#8243; offset=&#8221;vc_col-lg-6 vc_col-md-12&#8243; css=&#8221;.vc_custom_1500533060961{padding-bottom: 75px !important;}&#8221;][\/vc_column][\/vc_row][vc_row center_row=&#8221;yes&#8221; bg_overlay=&#8221;yes&#8221; bg_overlay_style=&#8221;overlay-primary&#8221; typo_style=&#8221;light&#8221; bg_type=&#8221;image&#8221; parallax_style=&#8221;vcpb-vz-jquery&#8221; bg_image_new=&#8221;9337|http:\/\/zozothemes.com\/wp\/mist\/wp-content\/uploads\/2015\/08\/travel-bg1.jpg&#8221; enable_overlay=&#8221;enable_overlay_value&#8221; overlay_color=&#8221;rgba(0,0,0,0.5)&#8221; overlay_pattern=&#8221;transperant&#8221; seperator_enable=&#8221;seperator_enable_value&#8221; seperator_type=&#8221;xlarge_triangle_right_seperator&#8221; seperator_position=&#8221;bottom_seperator&#8221; seperator_svg_height=&#8221;65&#8243; css=&#8221;.vc_custom_1503911445634{background-image: url(http:\/\/rvambiental.eco.br\/web\/wp-content\/uploads\/2017\/07\/bg-1.jpg?id=141) !important;background-position: center !important;background-repeat: no-repeat !important;background-size: cover !important;}&#8221;][vc_column][vc_row_inner][vc_column_inner width=&#8221;1\/3&#8243; offset=&#8221;vc_col-lg-3 vc_col-md-3&#8243;][\/vc_column_inner][vc_column_inner width=&#8221;1\/3&#8243; offset=&#8221;vc_col-lg-3 vc_col-md-3&#8243;][\/vc_column_inner][vc_column_inner width=&#8221;1\/3&#8243;][vc_hoverbox image=&#8221;1535&#8243; primary_title=&#8221;&#8221; hover_title=&#8221;Nossas Atividades&#8221; hover_background_color=&#8221;turquoise&#8221; hover_btn_title=&#8221;Clique&#8221; hover_add_button=&#8221;true&#8221; hover_btn_link=&#8221;url:http%3A%2F%2Frvambiental.eco.br%2Fweb%2Fatividades%2F|title:Atividades&#8221;][\/vc_hoverbox][\/vc_column_inner][\/vc_row_inner][\/vc_column][\/vc_row][vc_row center_row=&#8221;yes&#8221;][vc_column width=&#8221;1\/2&#8243; offset=&#8221;vc_col-lg-3 vc_col-md-3&#8243;][\/vc_column][vc_column width=&#8221;1\/2&#8243;&#8230;<\/p>\n","protected":false},"author":1,"featured_media":0,"parent":0,"menu_order":0,"comment_status":"closed","ping_status":"closed","template":"template-fullwidth.php","meta":[],"_links":{"self":[{"href":"https:\/\/rvambiental.eco.br\/web\/wp-json\/wp\/v2\/pages\/287"}],"collection":[{"href":"https:\/\/rvambiental.eco.br\/web\/wp-json\/wp\/v2\/pages"}],"about":[{"href":"https:\/\/rvambiental.eco.br\/web\/wp-json\/wp\/v2\/types\/page"}],"author":[{"embeddable":true,"href":"https:\/\/rvambiental.eco.br\/web\/wp-json\/wp\/v2\/users\/1"}],"replies":[{"embeddable":true,"href":"https:\/\/rvambiental.eco.br\/web\/wp-json\/wp\/v2\/comments?post=287"}],"version-history":[{"count":5,"href":"https:\/\/rvambiental.eco.br\/web\/wp-json\/wp\/v2\/pages\/287\/revisions"}],"predecessor-version":[{"id":1550,"href":"https:\/\/rvambiental.eco.br\/web\/wp-json\/wp\/v2\/pages\/287\/revisions\/1550"}],"wp:attachment":[{"href":"https:\/\/rvambiental.eco.br\/web\/wp-json\/wp\/v2\/media?parent=287"}],"curies":[{"name":"wp","href":"https:\/\/api.w.org\/{rel}","templated":true}]}}