{"id":374,"date":"2017-07-12T11:53:21","date_gmt":"2017-07-12T11:53:21","guid":{"rendered":"http:\/\/demo.zozothemes.com\/gosolar\/?page_id=374"},"modified":"2022-05-09T10:28:44","modified_gmt":"2022-05-09T13:28:44","slug":"servicos","status":"publish","type":"page","link":"https:\/\/rvambiental.eco.br\/web\/servicos\/","title":{"rendered":"Servi\u00e7os"},"content":{"rendered":"<p>[vc_row center_row=&#8221;yes&#8221; bg_overlay=&#8221;yes&#8221; bg_overlay_style=&#8221;overlay-primary&#8221; typo_style=&#8221;light&#8221; el_class=&#8221;bg-fixed&#8221; css=&#8221;.vc_custom_1503911455729{background-image: url(http:\/\/rvambiental.eco.br\/web\/wp-content\/uploads\/2017\/07\/bg-2.jpg?id=60) !important;background-position: center !important;background-repeat: no-repeat !important;background-size: cover !important;}&#8221;][vc_column]<div class=\"zozo-parallax-header title-white-bottom\"><div class=\"parallax-header content-style-default\"><h2 class=\"parallax-title\">Nossos Servi\u00e7os<\/h2><div class=\"parallax-desc default-style\"><p>A <strong>RV Ambiental<\/strong> \u00e9 uma consultoria que desenvolve e implanta projetos de engenharia ambiental buscando conscientizar e integrar ao m\u00e1ximo seus clientes p\u00fablicos e privados a um processo de produ\u00e7\u00e3o sustent\u00e1vel nos mais diversos ramos de atividade, sejam eles industriais, comerciais ou residenciais.<\/p>\n<\/div><\/div><\/div><div class=\"zozo-portfolio-slider-wrapper sl-layout-default\"><div id=\"zozo-portfolio-slider1\" class=\"zozo-owl-carousel owl-carousel portfolio-carousel-slider\" data-items=\"3\"  data-slideby=\"1\"  data-items-tablet=\"2\"  data-items-mobile-landscape=\"1\"  data-items-mobile-portrait=\"1\"  data-autoplay=\"true\"  data-autoplay-timeout=\"5000\"  data-loop=\"true\"  data-margin=\"30\"  data-pagination=\"false\"  data-navigation=\"true\" ><div id=\"portfolio-1502\" class=\"portfolio-item portfolio-slider-item style-default\"><div class=\"post-inside-wrapper\"><div class=\"portfolio-content  overlay-full overlay-center\"><div class=\"portfolio-image-overlay-wrapper\"><div class=\"portfolio-img\"><img class=\"img-responsive\" src=\"https:\/\/rvambiental.eco.br\/web\/wp-content\/uploads\/2017\/07\/Pericia-ambiental.png\" width=\"1200\" height=\"691\" alt=\"Per\u00edcia ambiental\" \/><\/div><\/div><div class=\"portfolio-overlay default\"><\/div><div class=\"portfolio-mask overlay-mask position-center\"><div class=\"portfolio-cat\"><a title=\"RV Ambiental\" href=\"https:\/\/rvambiental.eco.br\/web\/portfolio-categories\/rv-ambiental\/\">RV Ambiental<\/a><\/div><div class=\"portfolio-title\"><h4><a title=\"Per\u00edcia ambiental\" href=\"http:\/\/rvambiental.eco.br\/web\/servicos\/\">Per\u00edcia ambiental<\/a><\/h4><p><\/p><\/div><ul class=\"overlay-buttons\"><li><a href=\"https:\/\/rvambiental.eco.br\/web\/wp-content\/uploads\/2017\/07\/Pericia-ambiental.png\" class=\"pf-icon-zoom\" data-rel=\"prettyPhoto[gallery1]\" title=\"Per\u00edcia ambiental\"><i class=\"simple-icon icon-action-redo\"><\/i><\/a><\/li><li><a href=\"http:\/\/rvambiental.eco.br\/web\/servicos\/\" class=\"pf-icon-link\" title=\"Per\u00edcia ambiental\"><i class=\"simple-icon icon-link\"><\/i><\/a><\/li><\/ul><\/div><\/div><\/div><\/div><div id=\"portfolio-1503\" class=\"portfolio-item portfolio-slider-item style-default\"><div class=\"post-inside-wrapper\"><div class=\"portfolio-content  overlay-full overlay-center\"><div class=\"portfolio-image-overlay-wrapper\"><div class=\"portfolio-img\"><img class=\"img-responsive\" src=\"https:\/\/rvambiental.eco.br\/web\/wp-content\/uploads\/2017\/07\/Reuso-da-agua.png\" width=\"1200\" height=\"691\" alt=\"Reuso da \u00e1gua\" \/><\/div><\/div><div class=\"portfolio-overlay default\"><\/div><div class=\"portfolio-mask overlay-mask position-center\"><div class=\"portfolio-cat\"><a title=\"RV Ambiental\" href=\"https:\/\/rvambiental.eco.br\/web\/portfolio-categories\/rv-ambiental\/\">RV Ambiental<\/a><\/div><div class=\"portfolio-title\"><h4><a title=\"Reuso da \u00e1gua\" href=\"http:\/\/rvambiental.eco.br\/web\/servicos\/\">Reuso da \u00e1gua<\/a><\/h4><p><\/p><\/div><ul class=\"overlay-buttons\"><li><a href=\"https:\/\/rvambiental.eco.br\/web\/wp-content\/uploads\/2017\/07\/Reuso-da-agua.png\" class=\"pf-icon-zoom\" data-rel=\"prettyPhoto[gallery1]\" title=\"Reuso da \u00e1gua\"><i class=\"simple-icon icon-action-redo\"><\/i><\/a><\/li><li><a href=\"http:\/\/rvambiental.eco.br\/web\/servicos\/\" class=\"pf-icon-link\" title=\"Reuso da \u00e1gua\"><i class=\"simple-icon icon-link\"><\/i><\/a><\/li><\/ul><\/div><\/div><\/div><\/div><div id=\"portfolio-1504\" class=\"portfolio-item portfolio-slider-item style-default\"><div class=\"post-inside-wrapper\"><div class=\"portfolio-content  overlay-full overlay-center\"><div class=\"portfolio-image-overlay-wrapper\"><div class=\"portfolio-img\"><img class=\"img-responsive\" src=\"https:\/\/rvambiental.eco.br\/web\/wp-content\/uploads\/2017\/07\/Seguranca-do-Trabalho.png\" width=\"1200\" height=\"691\" alt=\"Seguran\u00e7a do Trabalho\" \/><\/div><\/div><div class=\"portfolio-overlay default\"><\/div><div class=\"portfolio-mask overlay-mask position-center\"><div class=\"portfolio-cat\"><a title=\"RV Ambiental\" href=\"https:\/\/rvambiental.eco.br\/web\/portfolio-categories\/rv-ambiental\/\">RV Ambiental<\/a><\/div><div class=\"portfolio-title\"><h4><a title=\"Seguran\u00e7a do Trabalho\" href=\"http:\/\/rvambiental.eco.br\/web\/servicos\/\">Seguran\u00e7a do Trabalho<\/a><\/h4><p><\/p><\/div><ul class=\"overlay-buttons\"><li><a href=\"https:\/\/rvambiental.eco.br\/web\/wp-content\/uploads\/2017\/07\/Seguranca-do-Trabalho.png\" class=\"pf-icon-zoom\" data-rel=\"prettyPhoto[gallery1]\" title=\"Seguran\u00e7a do Trabalho\"><i class=\"simple-icon icon-action-redo\"><\/i><\/a><\/li><li><a href=\"http:\/\/rvambiental.eco.br\/web\/servicos\/\" class=\"pf-icon-link\" title=\"Seguran\u00e7a do Trabalho\"><i class=\"simple-icon icon-link\"><\/i><\/a><\/li><\/ul><\/div><\/div><\/div><\/div><div id=\"portfolio-1505\" class=\"portfolio-item portfolio-slider-item style-default\"><div class=\"post-inside-wrapper\"><div class=\"portfolio-content  overlay-full overlay-center\"><div class=\"portfolio-image-overlay-wrapper\"><div class=\"portfolio-img\"><img class=\"img-responsive\" src=\"https:\/\/rvambiental.eco.br\/web\/wp-content\/uploads\/2017\/07\/Gestao-Ambiental.png\" width=\"1200\" height=\"691\" alt=\"Gest\u00e3o Ambiental\" \/><\/div><\/div><div class=\"portfolio-overlay default\"><\/div><div class=\"portfolio-mask overlay-mask position-center\"><div class=\"portfolio-cat\"><a title=\"RV Ambiental\" href=\"https:\/\/rvambiental.eco.br\/web\/portfolio-categories\/rv-ambiental\/\">RV Ambiental<\/a><\/div><div class=\"portfolio-title\"><h4><a title=\"Gest\u00e3o Ambiental\" href=\"http:\/\/rvambiental.eco.br\/web\/servicos\/\">Gest\u00e3o Ambiental<\/a><\/h4><p><\/p><\/div><ul class=\"overlay-buttons\"><li><a href=\"https:\/\/rvambiental.eco.br\/web\/wp-content\/uploads\/2017\/07\/Gestao-Ambiental.png\" class=\"pf-icon-zoom\" data-rel=\"prettyPhoto[gallery1]\" title=\"Gest\u00e3o Ambiental\"><i class=\"simple-icon icon-action-redo\"><\/i><\/a><\/li><li><a href=\"http:\/\/rvambiental.eco.br\/web\/servicos\/\" class=\"pf-icon-link\" title=\"Gest\u00e3o Ambiental\"><i class=\"simple-icon icon-link\"><\/i><\/a><\/li><\/ul><\/div><\/div><\/div><\/div><div id=\"portfolio-1507\" class=\"portfolio-item portfolio-slider-item style-default\"><div class=\"post-inside-wrapper\"><div class=\"portfolio-content  overlay-full overlay-center\"><div class=\"portfolio-image-overlay-wrapper\"><div class=\"portfolio-img\"><img class=\"img-responsive\" src=\"https:\/\/rvambiental.eco.br\/web\/wp-content\/uploads\/2017\/07\/Visitas-Tecnicas.png\" width=\"1200\" height=\"691\" alt=\"Visitas T\u00e9cnicas\" \/><\/div><\/div><div class=\"portfolio-overlay default\"><\/div><div class=\"portfolio-mask overlay-mask position-center\"><div class=\"portfolio-cat\"><a title=\"RV Ambiental\" href=\"https:\/\/rvambiental.eco.br\/web\/portfolio-categories\/rv-ambiental\/\">RV Ambiental<\/a><\/div><div class=\"portfolio-title\"><h4><a title=\"Visitas T\u00e9cnicas\" href=\"http:\/\/rvambiental.eco.br\/web\/servicos\/\">Visitas T\u00e9cnicas<\/a><\/h4><p><\/p><\/div><ul class=\"overlay-buttons\"><li><a href=\"https:\/\/rvambiental.eco.br\/web\/wp-content\/uploads\/2017\/07\/Visitas-Tecnicas.png\" class=\"pf-icon-zoom\" data-rel=\"prettyPhoto[gallery1]\" title=\"Visitas T\u00e9cnicas\"><i class=\"simple-icon icon-action-redo\"><\/i><\/a><\/li><li><a href=\"http:\/\/rvambiental.eco.br\/web\/servicos\/\" class=\"pf-icon-link\" title=\"Visitas T\u00e9cnicas\"><i class=\"simple-icon icon-link\"><\/i><\/a><\/li><\/ul><\/div><\/div><\/div><\/div><div id=\"portfolio-1506\" class=\"portfolio-item portfolio-slider-item style-default\"><div class=\"post-inside-wrapper\"><div class=\"portfolio-content  overlay-full overlay-center\"><div class=\"portfolio-image-overlay-wrapper\"><div class=\"portfolio-img\"><img class=\"img-responsive\" src=\"https:\/\/rvambiental.eco.br\/web\/wp-content\/uploads\/2017\/07\/Plano-de-Gerenciamento-de-Residuos-PGR.png\" width=\"1200\" height=\"691\" alt=\"Plano de Gerenciamento de Res\u00edduos &#8211; PGR\" \/><\/div><\/div><div class=\"portfolio-overlay default\"><\/div><div class=\"portfolio-mask overlay-mask position-center\"><div class=\"portfolio-cat\"><a title=\"RV Ambiental\" href=\"https:\/\/rvambiental.eco.br\/web\/portfolio-categories\/rv-ambiental\/\">RV Ambiental<\/a><\/div><div class=\"portfolio-title\"><h4><a title=\"Plano de Gerenciamento de Res\u00edduos &#8211; PGR\" href=\"http:\/\/rvambiental.eco.br\/web\/servicos\/\">Plano de Gerenciamento de Res\u00edduos &#8211; PGR<\/a><\/h4><p><\/p><\/div><ul class=\"overlay-buttons\"><li><a href=\"https:\/\/rvambiental.eco.br\/web\/wp-content\/uploads\/2017\/07\/Plano-de-Gerenciamento-de-Residuos-PGR.png\" class=\"pf-icon-zoom\" data-rel=\"prettyPhoto[gallery1]\" title=\"Plano de Gerenciamento de Res\u00edduos &#8211; PGR\"><i class=\"simple-icon icon-action-redo\"><\/i><\/a><\/li><li><a href=\"http:\/\/rvambiental.eco.br\/web\/servicos\/\" class=\"pf-icon-link\" title=\"Plano de Gerenciamento de Res\u00edduos &#8211; PGR\"><i class=\"simple-icon icon-link\"><\/i><\/a><\/li><\/ul><\/div><\/div><\/div><\/div><div id=\"portfolio-47\" class=\"portfolio-item portfolio-slider-item style-default\"><div class=\"post-inside-wrapper\"><div class=\"portfolio-content  overlay-full overlay-center\"><div class=\"portfolio-image-overlay-wrapper\"><div class=\"portfolio-img\"><img class=\"img-responsive\" src=\"https:\/\/rvambiental.eco.br\/web\/wp-content\/uploads\/2017\/07\/Legislacao-Ambiental.png\" width=\"1200\" height=\"691\" alt=\"Legisla\u00e7\u00e3o Ambiental\" \/><\/div><\/div><div class=\"portfolio-overlay default\"><\/div><div class=\"portfolio-mask overlay-mask position-center\"><div class=\"portfolio-cat\"><a title=\"RV Ambiental\" href=\"https:\/\/rvambiental.eco.br\/web\/portfolio-categories\/rv-ambiental\/\">RV Ambiental<\/a><\/div><div class=\"portfolio-title\"><h4><a title=\"Legisla\u00e7\u00e3o Ambiental\" href=\"http:\/\/rvambiental.eco.br\/web\/servicos\/\">Legisla\u00e7\u00e3o Ambiental<\/a><\/h4><p><\/p><\/div><ul class=\"overlay-buttons\"><li><a href=\"https:\/\/rvambiental.eco.br\/web\/wp-content\/uploads\/2017\/07\/Legislacao-Ambiental.png\" class=\"pf-icon-zoom\" data-rel=\"prettyPhoto[gallery1]\" title=\"Legisla\u00e7\u00e3o Ambiental\"><i class=\"simple-icon icon-action-redo\"><\/i><\/a><\/li><li><a href=\"http:\/\/rvambiental.eco.br\/web\/servicos\/\" class=\"pf-icon-link\" title=\"Legisla\u00e7\u00e3o Ambiental\"><i class=\"simple-icon icon-link\"><\/i><\/a><\/li><\/ul><\/div><\/div><\/div><\/div><\/div><\/div>[vc_empty_space height=&#8221;50px&#8221;][vc_btn title=&#8221;Baixe o nosso portif\u00f3lio&#8221; color=&#8221;white&#8221; align=&#8221;center&#8221; link=&#8221;url:http%3A%2F%2Frvambiental.eco.br%2Fweb%2Fwp-content%2Fuploads%2F2022%2F05%2Findice.pdf|title:Servi%C3%A7os|target:_blank&#8221;][\/vc_column][\/vc_row][vc_row parallax=&#8221;content-moving&#8221; parallax_speed_bg=&#8221;2.0&#8243; center_row=&#8221;yes&#8221; bg_overlay=&#8221;yes&#8221; bg_overlay_style=&#8221;overlay-primary&#8221; typo_style=&#8221;light&#8221; css=&#8221;.vc_custom_1651591558494{background-image: url(http:\/\/rvambiental.eco.br\/web\/wp-content\/uploads\/2017\/07\/slide-9-1.jpg?id=1060) !important;background-position: center;background-repeat: no-repeat;background-size: cover !important;}&#8221;][vc_column]<div class=\"zozo-feature-box feature-box-style style-default-box style-sep-yes  clearfix\" id=\"feature-box-1\"><div class=\"grid-item\"><div class=\"grid-box-inner grid-text-center grid-box-image grid-shape-none\"><h2 class=\"grid-title-below grid-title \" >O que a sua empresa precisa hoje?<\/h2><div class=\"grid-desc\" ><p>Entre em contato e vamos conversar.<\/p>\n<\/div><\/div><\/div><\/div>[vc_btn title=&#8221;Contato&#8221; color=&#8221;white&#8221; align=&#8221;center&#8221; link=&#8221;url:http%3A%2F%2Frvambiental.eco.br%2Fweb%2Fcontato-e-orcamento%2F|title:Contato%20e%20Or%C3%A7amento&#8221;][\/vc_column][\/vc_row]<\/p>\n","protected":false},"excerpt":{"rendered":"<p>[vc_row center_row=&#8221;yes&#8221; bg_overlay=&#8221;yes&#8221; bg_overlay_style=&#8221;overlay-primary&#8221; typo_style=&#8221;light&#8221; el_class=&#8221;bg-fixed&#8221; css=&#8221;.vc_custom_1503911455729{background-image: url(http:\/\/rvambiental.eco.br\/web\/wp-content\/uploads\/2017\/07\/bg-2.jpg?id=60) !important;background-position: center !important;background-repeat: no-repeat !important;background-size: cover !important;}&#8221;][vc_column][vc_empty_space height=&#8221;50px&#8221;][vc_btn title=&#8221;Baixe o nosso portif\u00f3lio&#8221; color=&#8221;white&#8221; align=&#8221;center&#8221; link=&#8221;url:http%3A%2F%2Frvambiental.eco.br%2Fweb%2Fwp-content%2Fuploads%2F2022%2F05%2Findice.pdf|title:Servi%C3%A7os|target:_blank&#8221;][\/vc_column][\/vc_row][vc_row parallax=&#8221;content-moving&#8221; parallax_speed_bg=&#8221;2.0&#8243; center_row=&#8221;yes&#8221; bg_overlay=&#8221;yes&#8221; bg_overlay_style=&#8221;overlay-primary&#8221; typo_style=&#8221;light&#8221; css=&#8221;.vc_custom_1651591558494{background-image: url(http:\/\/rvambiental.eco.br\/web\/wp-content\/uploads\/2017\/07\/slide-9-1.jpg?id=1060) !important;background-position: center;background-repeat: no-repeat;background-size: cover !important;}&#8221;][vc_column][vc_btn title=&#8221;Contato&#8221; color=&#8221;white&#8221; align=&#8221;center&#8221; link=&#8221;url:http%3A%2F%2Frvambiental.eco.br%2Fweb%2Fcontato-e-orcamento%2F|title:Contato%20e%20Or%C3%A7amento&#8221;][\/vc_column][\/vc_row]<\/p>\n","protected":false},"author":1,"featured_media":0,"parent":0,"menu_order":0,"comment_status":"closed","ping_status":"closed","template":"template-fullwidth.php","meta":[],"_links":{"self":[{"href":"https:\/\/rvambiental.eco.br\/web\/wp-json\/wp\/v2\/pages\/374"}],"collection":[{"href":"https:\/\/rvambiental.eco.br\/web\/wp-json\/wp\/v2\/pages"}],"about":[{"href":"https:\/\/rvambiental.eco.br\/web\/wp-json\/wp\/v2\/types\/page"}],"author":[{"embeddable":true,"href":"https:\/\/rvambiental.eco.br\/web\/wp-json\/wp\/v2\/users\/1"}],"replies":[{"embeddable":true,"href":"https:\/\/rvambiental.eco.br\/web\/wp-json\/wp\/v2\/comments?post=374"}],"version-history":[{"count":4,"href":"https:\/\/rvambiental.eco.br\/web\/wp-json\/wp\/v2\/pages\/374\/revisions"}],"predecessor-version":[{"id":1513,"href":"https:\/\/rvambiental.eco.br\/web\/wp-json\/wp\/v2\/pages\/374\/revisions\/1513"}],"wp:attachment":[{"href":"https:\/\/rvambiental.eco.br\/web\/wp-json\/wp\/v2\/media?parent=374"}],"curies":[{"name":"wp","href":"https:\/\/api.w.org\/{rel}","templated":true}]}}